{"id":3,"date":"2020-01-22T07:19:28","date_gmt":"2020-01-22T07:19:28","guid":{"rendered":"http:\/\/www.arnstorferselbsthilfegruppedepression.de\/?page_id=3"},"modified":"2020-01-25T09:04:55","modified_gmt":"2020-01-25T08:04:55","slug":"privacy-policy","status":"publish","type":"page","link":"http:\/\/www.arnstorferselbsthilfegruppedepression.de\/?page_id=3","title":{"rendered":"Datenschutzerkl\u00e4rung"},"content":{"rendered":"\r\n<p>Datenschutzerkl\u00e4rung f\u00fcr den Internetauftritt der Arnstorfer Selbsthilfegruppe vetreten durch Herrn Dr. med. Anton Wartner<\/p>\r\n<p>Datenschutzerkl\u00e4rung<\/p>\r\n<p>Wir nehmen den Schutz Ihrer pers\u00f6nlichen Daten sehr ernst. Wir behandeln Ihre personenbezogenen Daten<br \/>vertraulich und entsprechend der gesetzlichen Datenschutzvorschriften sowie dieser Datenschutzerkl\u00e4rung.<br \/>Wir m\u00f6chten Sie hiermit \u00fcber die Erhebung, Verarbeitung und Nutzung von personenbezogenen Daten auf<br \/>dieser Website informieren.<br \/>Wir erheben, verarbeiten und nutzen Ihre pers\u00f6nlichen Daten nur, wenn Sie hierzu eingewilligt haben oder hier<br \/>eine gesetzliche Grundlage besteht.<\/p>\r\n<p>Name und Kontaktdaten der Verantwortlichen<br \/>Verantwortlich f\u00fcr die Erhebung und Speicherung der personenbezogenen Daten ist:<br \/>Dr. med. Anton Wartner<br \/>Mariakirchener Str. 2<br \/>94424 Arnstorf<br \/>Tel. 08723\/96160<br \/>Fax 08723\/961616<br \/>Email: praxis(@)drwartner.de<\/p>\r\n<p>Erhebung und Speicherung personenbezogener Daten, Zweck der Verwendung und Rechtsgrundlagen<br \/>Allgemein \u2013 Besuch der Website<br \/>Unsere Website dient der Bereitstellung von Informationen \u00fcber die Arbeit der Allgemeinarztpraxis Dr. A. Wartner.<\/p>\r\n<p>Beim Besuch unserer Website werden durch den auf Ihrem Endger\u00e4t zum Einsatz kommenden Browser<br \/>Informationen an den Server unserer Website gesendet. Diese Informationen werden tempor\u00e4r in den Logfiles<br \/>des Servers gespeichert. Folgende Informationen werden dabei erhoben:<\/p>\r\n<p>\u2022 IP-Adresse des anfragenden Rechners,<br \/>\u2022 Datum und Uhrzeit des Zugriffs,<br \/>\u2022 Name und URL der abgerufenen Datei,<br \/>\u2022 Zuvor besuchte Webseite (Referrer-URL),<br \/>\u2022 verwendeter Browser und ggf. das Betriebssystem Ihres Rechners sowie der Name Ihres Access-Providers.<\/p>\r\n<p>Die genannten Daten werden erhoben und verarbeitet, damit ein reibungsloser Verbindungsaufbau der Website sichergestellt wird und die Inhalte<br \/>korrekt dargestellt werden. Die Daten werden gel\u00f6scht, wenn sie nicht mehr erforderlich sind.<\/p>\r\n<p>Die Rechtsgrundlage f\u00fcr die Datenverarbeitung ist Art. 6 Abs. 1 S. 1 lit. f DSGVO. Unser berechtigtes Interesse<br \/>folgt aus oben aufgelisteten Zwecken zur Datenerhebung. In keinem Fall verwenden wir die erhobenen Daten zu<br \/>dem Zweck, R\u00fcckschl\u00fcsse auf Ihre Person zu ziehen.<br \/>Kontaktaufnahme per E-Mail<br \/>Wir weisen darauf hin, dass die Daten\u00fcbertragung im Internet Sicherheitsl\u00fccken aufweisen kann. Ein l\u00fcckenloser<br \/>Schutz der Daten vor dem Zugriff durch Dritte ist nicht m\u00f6glich.<br \/>Sollten Sie E-Mail-Kontakt mit uns aufnehmen, erfolgt die Verarbeitung Ihrer Daten auf Grund Ihrer freiwillig erteilten Einwilligung gem. Art. 6 Abs. 1 S. 1 lit. a DSGVO.<\/p>\r\n<p>Die Angabe Ihrer g\u00fcltigen E-Mail-Adresse ist erforderlich, um Ihre Anfragen beantworten zu k\u00f6nnen. Diese Daten<br \/>und Ihre Nachricht werden nur zur Bearbeitung und Beantwortung Ihrer Anfrage gespeichert. Die Daten werden<br \/>gel\u00f6scht, sobald sie nicht mehr erforderlich sind und keine gesetzliche Aufbewahrungspflicht besteht. Eine<br \/>Weitergabe Ihrer Daten an Dritte erfolgt nicht.<br \/>Ihre Einwilligung k\u00f6nnen Sie jederzeit widerrufen. Durch den Widerruf wird die Rechtm\u00e4\u00dfigkeit, der aufgrund der<br \/>Einwilligung bis zum Widerruf erfolgten Verarbeitung der Daten nicht ber\u00fchrt.<\/p>\r\n<p>Den Widerruf k\u00f6nnen Sie schriftlich<br \/>oder per E-Mail-richten an:<br \/>Dr. med. Anton Wartner<br \/>Mariakirchener Str. 2<br \/>94424 Arnstorf<br \/>Email: praxis(@)drwartner.de<\/p>\r\n<p>Bitte schreiben Sie keine vertraulichen Informationen, in eine E-Mail, sondern nutzen Sie diese nur zu einer<br \/>ersten Kontaktaufnahme.<br \/>Weitergabe von Daten<br \/>Die auf unserer Website erhobenen Daten werden ohne Ihre ausdr\u00fcckliche Einwilligung (Art. 6 Abs. 1 S. 1 lit. a<br \/>DSGVO) nicht an Dritte weitergegeben.<br \/>Ihre Rechte<br \/>Sie haben folgende Rechte:<\/p>\r\n<p>\u2022 Recht auf Auskunft \u00fcber Ihre von uns verarbeiteten personenbezogenen Daten (Art. 15 DSGVO), dazu geh\u00f6rt<br \/>auch: Auskunft \u00fcber Verarbeitungszweck, Kategorie der personenbezogenen Daten, Empf\u00e4nger oder Kategorien<br \/>von Empf\u00e4ngern, geplante Speicherdauer<br \/>\u2022 Recht auf unverz\u00fcgliche Berichtigung unrichtiger Daten oder Vervollst\u00e4ndigung unvollst\u00e4ndiger Daten (Art. 16<br \/>DSGVO)<br \/>\u2022 Recht auf unverz\u00fcgliche L\u00f6schung (Art. 17 DSGVO)<br \/>\u2022 Recht auf Einschr\u00e4nkung der Verarbeitung (Art. 18 DSGVO)<br \/>\u2022 Recht auf Daten\u00fcbertragbarkeit (Art. 20 DSGVO)<br \/>\u2022 Recht auf jederzeitigen Widerruf Ihrer einmal erteilten Einwilligung (Art. 7 Abs. 3 DSGVO)<br \/>\u2022 Recht auf Widerspruch gegen die Verarbeitung bei der Datenerhebung auf Grundlage von berechtigten<br \/>Interessen nach Art. 6 Abs. 1 S. 1 lit. f DSGVO, soweit daf\u00fcr Gr\u00fcnde vorliegen, die sich aus Ihrer besonderen<br \/>Situation ergeben (Art. 21 DSGVO).<br \/>Um diese Rechte geltend zu machen, k\u00f6nnen Sie sich jederzeit an den unter Ziffer 1 genannten Verantwortlichen<br \/>wenden.<\/p>\r\n<p>Beschwerderecht bei Aufsichtsbeh\u00f6rde:<br \/>Sie haben das Recht, sich bei der Aufsichtsbeh\u00f6rde zu beschweren (Art. 77 DSGVO). In der Regel k\u00f6nnen Sie<br \/>sich hierf\u00fcr an die Aufsichtsbeh\u00f6rde Ihres \u00fcblichen Aufenthaltsortes oder Arbeitsplatzes oder des mutma\u00dflichen<br \/>Versto\u00dfes wenden. Im Bundesland Bayern ist dies:<\/p>\r\n<p>Dr. Thomas Petri<br \/>Postfach 22 12 19<br \/>80502 M\u00fcnchen<br \/>oder:<br \/>Wagm\u00fcllerstr. 18<br \/>80538 M\u00fcnchen<br \/>Telefon: 089\/21 26 72-0<br \/>Telefax: 089\/21 26 72-50<br \/>E-Mail: poststelle@datenschutz-bayern.de<br \/>Homepage: http:\/\/www.datenschutz-bayern.de<\/p>\r\n<p>Aktualit\u00e4t und \u00c4nderung dieser Datenschutzerkl\u00e4rung<br \/>Diese Datenschutzerkl\u00e4rung hat den Stand Mai 2018. Wir behalten uns vor, die Datenschutzerkl\u00e4rung zu<br \/>gegebener Zeit zu aktualisieren, um den Datenschutz zu verbessern und\/oder an ge\u00e4nderte Beh\u00f6rdenpraxis<br \/>oder Rechtsprechung anzupassen. Die aktuelle Datenschutzerkl\u00e4rung kann jederzeit auf der Website unter dem<br \/>Men\u00fcpunkt \u201aDatenschutz\u2018 abgerufen und ausgedruckt werden.<\/p>\r\n<p><a href=\"http:\/\/www.arnstorferselbsthilfegruppedepression.de\/wp-content\/uploads\/2020\/01\/Datenschutzerkl\u00e4rung.pdf\">Datenschutzerkl\u00e4rung<\/a><\/p>\r\n","protected":false},"excerpt":{"rendered":"<p>Datenschutzerkl\u00e4rung f\u00fcr den Internetauftritt der Arnstorfer Selbsthilfegruppe vetreten durch Herrn Dr. med. Anton Wartner Datenschutzerkl\u00e4rung Wir nehmen den Schutz Ihrer pers\u00f6nlichen Daten sehr ernst. Wir behandeln Ihre personenbezogenen Datenvertraulich und entsprechend der gesetzlichen Datenschutzvorschriften sowie dieser Datenschutzerkl\u00e4rung.Wir m\u00f6chten Sie hiermit \u00fcber die Erhebung, Verarbeitung und Nutzung von personenbezogenen Daten aufdieser Website informieren.Wir erheben, verarbeiten und &hellip; <\/p>\n<p class=\"link-more\"><a href=\"http:\/\/www.arnstorferselbsthilfegruppedepression.de\/?page_id=3\" class=\"more-link\"><span class=\"screen-reader-text\">\u201eDatenschutzerkl\u00e4rung\u201c <\/span>weiterlesen<\/a><\/p>\n","protected":false},"author":1,"featured_media":0,"parent":0,"menu_order":0,"comment_status":"closed","ping_status":"open","template":"","meta":{"footnotes":""},"class_list":["post-3","page","type-page","status-publish","hentry"],"_links":{"self":[{"href":"http:\/\/www.arnstorferselbsthilfegruppedepression.de\/index.php?rest_route=\/wp\/v2\/pages\/3","targetHints":{"allow":["GET"]}}],"collection":[{"href":"http:\/\/www.arnstorferselbsthilfegruppedepression.de\/index.php?rest_route=\/wp\/v2\/pages"}],"about":[{"href":"http:\/\/www.arnstorferselbsthilfegruppedepression.de\/index.php?rest_route=\/wp\/v2\/types\/page"}],"author":[{"embeddable":true,"href":"http:\/\/www.arnstorferselbsthilfegruppedepression.de\/index.php?rest_route=\/wp\/v2\/users\/1"}],"replies":[{"embeddable":true,"href":"http:\/\/www.arnstorferselbsthilfegruppedepression.de\/index.php?rest_route=%2Fwp%2Fv2%2Fcomments&post=3"}],"version-history":[{"count":3,"href":"http:\/\/www.arnstorferselbsthilfegruppedepression.de\/index.php?rest_route=\/wp\/v2\/pages\/3\/revisions"}],"predecessor-version":[{"id":93,"href":"http:\/\/www.arnstorferselbsthilfegruppedepression.de\/index.php?rest_route=\/wp\/v2\/pages\/3\/revisions\/93"}],"wp:attachment":[{"href":"http:\/\/www.arnstorferselbsthilfegruppedepression.de\/index.php?rest_route=%2Fwp%2Fv2%2Fmedia&parent=3"}],"curies":[{"name":"wp","href":"https:\/\/api.w.org\/{rel}","templated":true}]}}